{"id":928,"date":"2026-01-19T15:22:34","date_gmt":"2026-01-19T13:22:34","guid":{"rendered":"https:\/\/www.helsinginraamattukoulu.fi\/kauppa\/?post_type=product&#038;p=928"},"modified":"2026-01-20T14:33:35","modified_gmt":"2026-01-20T12:33:35","slug":"seinakalenteri-2026","status":"publish","type":"product","link":"https:\/\/www.helsinginraamattukoulu.fi\/kauppa\/tuote\/seinakalenteri-2026\/","title":{"rendered":"Sein\u00e4kalenteri 2026"},"content":{"rendered":"<p>&nbsp;<\/p>\n<p><img loading=\"lazy\" decoding=\"async\" class=\"alignnone size-medium wp-image-929\" src=\"https:\/\/www.helsinginraamattukoulu.fi\/kauppa\/wp-content\/uploads\/2026\/01\/07A_Mikko-Kansikuva-DSC_7200DxO-300x215.png\" alt=\"\" width=\"300\" height=\"215\" srcset=\"https:\/\/www.helsinginraamattukoulu.fi\/kauppa\/wp-content\/uploads\/2026\/01\/07A_Mikko-Kansikuva-DSC_7200DxO-300x215.png 300w, https:\/\/www.helsinginraamattukoulu.fi\/kauppa\/wp-content\/uploads\/2026\/01\/07A_Mikko-Kansikuva-DSC_7200DxO-1024x733.png 1024w, https:\/\/www.helsinginraamattukoulu.fi\/kauppa\/wp-content\/uploads\/2026\/01\/07A_Mikko-Kansikuva-DSC_7200DxO-768x550.png 768w, https:\/\/www.helsinginraamattukoulu.fi\/kauppa\/wp-content\/uploads\/2026\/01\/07A_Mikko-Kansikuva-DSC_7200DxO-1536x1099.png 1536w, https:\/\/www.helsinginraamattukoulu.fi\/kauppa\/wp-content\/uploads\/2026\/01\/07A_Mikko-Kansikuva-DSC_7200DxO-2048x1466.png 2048w\" sizes=\"auto, (max-width: 300px) 100vw, 300px\" \/><\/p>\n<p>Sein\u00e4kalenterin koko on avattuna A3. Kalenterissa on Raamattukoulun yst\u00e4vien ottamia valokuvia. Joka kuukaudelle on sis\u00e4llytetty Raamatun jae.<\/p>\n","protected":false},"excerpt":{"rendered":"<p>&nbsp; Sein\u00e4kalenterin koko on avattuna A3. Kalenterissa on Raamattukoulun yst\u00e4vien ottamia valokuvia. Joka kuukaudelle on sis\u00e4llytetty Raamatun jae.<\/p>\n","protected":false},"featured_media":929,"comment_status":"closed","ping_status":"closed","template":"","meta":{"_monsterinsights_skip_tracking":false,"_monsterinsights_sitenote_active":false,"_monsterinsights_sitenote_note":"","_monsterinsights_sitenote_category":0,"_kadence_starter_templates_imported_post":false,"_kad_post_transparent":"default","_kad_post_title":"","_kad_post_layout":"default","_kad_post_sidebar_id":"","_kad_post_content_style":"default","_kad_post_vertical_padding":"default","_kad_post_feature":"","_kad_post_feature_position":"","_kad_post_header":false,"_kad_post_footer":false,"_kad_post_classname":""},"product_brand":[],"product_cat":[37],"product_tag":[55,56],"class_list":{"0":"post-928","1":"product","2":"type-product","3":"status-publish","4":"has-post-thumbnail","6":"product_cat-kalenterit","7":"product_tag-55","8":"product_tag-seinakalenteri","10":"first","11":"instock","12":"purchasable","13":"product-type-simple","14":"entry","15":"content-bg","16":"loop-entry"},"aioseo_notices":[],"_links":{"self":[{"href":"https:\/\/www.helsinginraamattukoulu.fi\/kauppa\/wp-json\/wp\/v2\/product\/928","targetHints":{"allow":["GET"]}}],"collection":[{"href":"https:\/\/www.helsinginraamattukoulu.fi\/kauppa\/wp-json\/wp\/v2\/product"}],"about":[{"href":"https:\/\/www.helsinginraamattukoulu.fi\/kauppa\/wp-json\/wp\/v2\/types\/product"}],"replies":[{"embeddable":true,"href":"https:\/\/www.helsinginraamattukoulu.fi\/kauppa\/wp-json\/wp\/v2\/comments?post=928"}],"wp:featuredmedia":[{"embeddable":true,"href":"https:\/\/www.helsinginraamattukoulu.fi\/kauppa\/wp-json\/wp\/v2\/media\/929"}],"wp:attachment":[{"href":"https:\/\/www.helsinginraamattukoulu.fi\/kauppa\/wp-json\/wp\/v2\/media?parent=928"}],"wp:term":[{"taxonomy":"product_brand","embeddable":true,"href":"https:\/\/www.helsinginraamattukoulu.fi\/kauppa\/wp-json\/wp\/v2\/product_brand?post=928"},{"taxonomy":"product_cat","embeddable":true,"href":"https:\/\/www.helsinginraamattukoulu.fi\/kauppa\/wp-json\/wp\/v2\/product_cat?post=928"},{"taxonomy":"product_tag","embeddable":true,"href":"https:\/\/www.helsinginraamattukoulu.fi\/kauppa\/wp-json\/wp\/v2\/product_tag?post=928"}],"curies":[{"name":"wp","href":"https:\/\/api.w.org\/{rel}","templated":true}]}}