{"id":26,"date":"2024-04-08T14:32:02","date_gmt":"2024-04-08T11:32:02","guid":{"rendered":"https:\/\/www.helsinginraamattukoulu.fi\/kauppa\/?post_type=product&#038;p=26"},"modified":"2025-04-28T13:04:03","modified_gmt":"2025-04-28T10:04:03","slug":"hannu-aimanen-seuraa-minua-kirja","status":"publish","type":"product","link":"https:\/\/www.helsinginraamattukoulu.fi\/kauppa\/tuote\/hannu-aimanen-seuraa-minua-kirja\/","title":{"rendered":"Hannu \u00c4im\u00e4nen, &#8221;SEURAA MINUA &#8211; ev\u00e4it\u00e4 vastak\u00e4\u00e4ntyneille&#8221;"},"content":{"rendered":"<p><strong>Lukijalle<\/strong><br \/>\nT\u00e4m\u00e4 kirjanen on tarkoitettu sinulle, joka otat ensi askelia kristinuskon tiell\u00e4 ja haluat p\u00e4\u00e4st\u00e4 syvemp\u00e4\u00e4n Jumalan tuntemiseen ja selvyyteen, mist\u00e4 uskon el\u00e4m\u00e4ss\u00e4 oikein on kysymys.<\/p>\n<p>Kirja sis\u00e4lt\u00e4\u00e4 joitakin perusasioita Jeesuksen seuraamisessa. Sit\u00e4 ei ole tarkoitettu tyhjent\u00e4v\u00e4ksi selonteoksi kaikista esiin tulevista kysymyksist\u00e4. Uusia kysymyksi\u00e4 nousee jatkuvasti, ja niit\u00e4 riitt\u00e4\u00e4 el\u00e4m\u00e4n<br \/>\nloppuun asti. Kristittyn\u00e4 kasvaminen on jatkuvaa synnin ja armon tunnon syvenemist\u00e4. Mit\u00e4 enemm\u00e4n opit tuntemaan Jeesusta ja h\u00e4nt\u00e4 ristiinnaulittuna ja yl\u00f6snousseena Herrana ja Vapahtajana,<br \/>\nkoko maailman Kuninkaana, sit\u00e4 syvemp\u00e4\u00e4 ja antoisampaa el\u00e4m\u00e4\u00e4 voit el\u00e4\u00e4.<\/p>\n<p>Voit aloittaa kirjan lukemisen mist\u00e4 tahansa itse\u00e4si kiinnostavasta kohdasta. Koska kirjassa on paljon asiaa, sit\u00e4 ei tarvitse eik\u00e4 kannata lukea kerralla, vaan mieluummin pys\u00e4hdellen yksi asia kerrallaan ja jatkaa sitten rauhassa eteenp\u00e4in. Lep\u00e4\u00e4 ja hengit\u00e4 v\u00e4lill\u00e4. Teksti aukeaa silloin paremmin. Uskominen ei tarkoita, ett\u00e4 opettelet kirjan ulkoa. Uskominen merkitsee el\u00e4m\u00e4nyhteytt\u00e4 Jeesukseen. H\u00e4n on el\u00e4v\u00e4 Sana.<\/p>\n<p>Jeesuksen seuraaminen johtaa sinut Jumalan ja itsesi tuntemiseen. Jokainen ihminen on oma persoonansa. Jokaisen uskokin on erilainen, mutta uskon kohde on sama. Jumala puhuu jokaiselle omalla tavallaan. H\u00e4n ottaa huomioon olosuhteesi, luonteesi, ilosi, surusi, lahjasi ja el\u00e4m\u00e4nhistoriasi. Jeesus kutsuu sinut Jumalan tahdon mukaiseen itsesi n\u00e4k\u00f6iseen el\u00e4m\u00e4\u00e4n. Jumala on rakkaus.<\/p>\n<p>Helsingiss\u00e4 talvella 2022<br \/>\nHannu \u00c4im\u00e4nen<br \/>\nEvankelista, raamatunopettaja<\/p>\n","protected":false},"excerpt":{"rendered":"<p><strong><span style=\"font-family: Roboto, sans-serif; font-size: 14px; text-align: center;\">\u2022<\/span> Hannu \u00c4im\u00e4nen, &#8221;Seuraa minua, ev\u00e4it\u00e4 vastak\u00e4\u00e4ntyneille&#8221;<\/strong><br \/>\n<strong><strong><span style=\"font-family: Roboto, sans-serif; font-size: 14px; text-align: center;\">\u2022\u00a0<\/span><\/strong>Julkaisuvuosi:<\/strong>\u00a02022, 2. painos<br \/>\n<strong><span style=\"font-family: Roboto, sans-serif; font-size: 14px; text-align: center;\">\u2022\u00a0<\/span>Kustantaja:<\/strong>\u00a0<span style=\"font-family: Roboto, sans-serif; font-size: 14px; text-align: center;\">Helsingin Raamattukoulun Kustannus Oy <\/span><br \/>\n<strong><span style=\"font-family: Roboto, sans-serif; font-size: 14px; text-align: center;\">\u2022\u00a0<\/span>Kieli:<\/strong>\u00a0<span style=\"font-family: Roboto, sans-serif; font-size: 14px; text-align: center;\">Suomi <\/span><br \/>\n<strong><span style=\"font-family: Roboto, sans-serif; font-size: 14px; text-align: center;\">\u2022\u00a0<\/span>Sivum\u00e4\u00e4r\u00e4:<\/strong>\u00a0<span style=\"font-family: Roboto, sans-serif; font-size: 14px; text-align: center;\">99 <\/span><br \/>\n<strong><span style=\"font-family: Roboto, sans-serif; font-size: 14px; text-align: center;\">\u2022\u00a0<\/span>Kustantaja:\u00a0<\/strong><span style=\"font-family: Roboto, sans-serif; font-size: 14px; text-align: center;\">Helsingin Raamattukoulun Kustannus Oy<\/span><br \/>\n<strong><span style=\"font-family: Roboto, sans-serif; font-size: 14px; text-align: center;\">\u2022\u00a0<\/span>Kieli:<\/strong>\u00a0<span style=\"font-family: Roboto, sans-serif; font-size: 14px; text-align: center;\">Suomi <\/span><br \/>\n<strong><span style=\"font-family: Roboto, sans-serif; font-size: 14px; text-align: center;\">\u2022\u00a0<\/span>Sivum\u00e4\u00e4r\u00e4:<\/strong>\u00a0<span style=\"font-family: Roboto, sans-serif; font-size: 14px; text-align: center;\">99<\/span><br \/>\n<span style=\"font-family: Roboto, sans-serif; font-size: 14px; text-align: center;\">\u2022<\/span> <strong>Kannen kuvat:<\/strong> Ville Arpiainen<strong><br \/>\n<span style=\"font-family: Roboto, sans-serif; font-size: 14px; text-align: center;\">\u2022<\/span> Taitto:<\/strong> Kirsi Sell<strong><br \/>\n<span style=\"font-family: Roboto, sans-serif; font-size: 14px; text-align: center;\">\u2022<\/span> Kirjapaino:<\/strong> WIRmachenDRUCK GmbH<br \/>\n<strong><span style=\"font-family: Roboto, sans-serif; font-size: 14px; text-align: center;\">\u2022\u00a0<\/span>ISBN:<\/strong>\u00a0<span style=\"font-family: Roboto, sans-serif; font-size: 14px; text-align: center;\">978-952-94-6000-7<\/span><\/p>\n","protected":false},"featured_media":244,"comment_status":"closed","ping_status":"closed","template":"","meta":{"_monsterinsights_skip_tracking":false,"_monsterinsights_sitenote_active":false,"_monsterinsights_sitenote_note":"","_monsterinsights_sitenote_category":0,"_kadence_starter_templates_imported_post":false,"_kad_post_transparent":"default","_kad_post_title":"","_kad_post_layout":"default","_kad_post_sidebar_id":"","_kad_post_content_style":"default","_kad_post_vertical_padding":"default","_kad_post_feature":"","_kad_post_feature_position":"","_kad_post_header":false,"_kad_post_footer":false,"_kad_post_classname":""},"product_brand":[],"product_cat":[18],"product_tag":[53],"class_list":{"0":"post-26","1":"product","2":"type-product","3":"status-publish","4":"has-post-thumbnail","6":"product_cat-painetut-kirjat","7":"product_tag-kirja","8":"product_shipping_class-normaalit-paketit","10":"first","11":"instock","12":"taxable","13":"shipping-taxable","14":"purchasable","15":"product-type-simple","16":"entry","17":"content-bg","18":"loop-entry"},"aioseo_notices":[],"_links":{"self":[{"href":"https:\/\/www.helsinginraamattukoulu.fi\/kauppa\/wp-json\/wp\/v2\/product\/26","targetHints":{"allow":["GET"]}}],"collection":[{"href":"https:\/\/www.helsinginraamattukoulu.fi\/kauppa\/wp-json\/wp\/v2\/product"}],"about":[{"href":"https:\/\/www.helsinginraamattukoulu.fi\/kauppa\/wp-json\/wp\/v2\/types\/product"}],"replies":[{"embeddable":true,"href":"https:\/\/www.helsinginraamattukoulu.fi\/kauppa\/wp-json\/wp\/v2\/comments?post=26"}],"wp:featuredmedia":[{"embeddable":true,"href":"https:\/\/www.helsinginraamattukoulu.fi\/kauppa\/wp-json\/wp\/v2\/media\/244"}],"wp:attachment":[{"href":"https:\/\/www.helsinginraamattukoulu.fi\/kauppa\/wp-json\/wp\/v2\/media?parent=26"}],"wp:term":[{"taxonomy":"product_brand","embeddable":true,"href":"https:\/\/www.helsinginraamattukoulu.fi\/kauppa\/wp-json\/wp\/v2\/product_brand?post=26"},{"taxonomy":"product_cat","embeddable":true,"href":"https:\/\/www.helsinginraamattukoulu.fi\/kauppa\/wp-json\/wp\/v2\/product_cat?post=26"},{"taxonomy":"product_tag","embeddable":true,"href":"https:\/\/www.helsinginraamattukoulu.fi\/kauppa\/wp-json\/wp\/v2\/product_tag?post=26"}],"curies":[{"name":"wp","href":"https:\/\/api.w.org\/{rel}","templated":true}]}}