{"id":3,"date":"2020-01-07T14:18:04","date_gmt":"2020-01-07T12:18:04","guid":{"rendered":"http:\/\/www.helsinginraamattukoulu.fi\/kauppa\/?page_id=3"},"modified":"2025-04-29T11:38:43","modified_gmt":"2025-04-29T08:38:43","slug":"tietosuojaseloste","status":"publish","type":"page","link":"https:\/\/www.helsinginraamattukoulu.fi\/kauppa\/tietosuojaseloste\/","title":{"rendered":"Rekisteri- ja tietosuojaseloste"},"content":{"rendered":"\n<p>T\u00e4m\u00e4 on Helsingin Raamattukoulun Kustannus Oy:n henkil\u00f6tietolain (10 ja 24 \u00a7) ja EU:n yleisen tietosuoja-asetuksen (GDPR) mukainen rekisteri- ja tietosuojaseloste.<br>Laadittu 20.01.2025.<\/p>\n\n\n\n<h2 class=\"wp-block-heading\"><strong>1. Rekisterinpit\u00e4j\u00e4<\/strong><\/h2>\n\n\n\n<ul class=\"wp-block-list\">\n<li>Yrityksen virallinen nimi:  Helsingin Raamattukoulun Kustannus Oy<\/li>\n\n\n\n<li>Yritystunnus:  0559951-8<\/li>\n\n\n\n<li>Yrityksen virallinen osoite:  T\u00f6\u00f6l\u00f6nkatu 7 A 3, 00100 Helsinki<\/li>\n\n\n\n<li>S\u00e4hk\u00f6postiosoite:  toimisto@helsinginraamattukoulu.fi<\/li>\n\n\n\n<li>Puhelin: 050 471 4800 \/ toimisto<\/li>\n<\/ul>\n\n\n\n<h2 class=\"wp-block-heading\"><strong>2. Rekisterist\u00e4 vastaava yhteyshenkil\u00f6<\/strong><\/h2>\n\n\n\n<ul class=\"wp-block-list\">\n<li>Jari A. Jolkkonen, toiminnanjohtaja<\/li>\n\n\n\n<li>Puhelin 040&nbsp;512 6612<\/li>\n\n\n\n<li>S\u00e4hk\u00f6postiosoite:  Jari@helsinginraamattukoulu.fi<\/li>\n<\/ul>\n\n\n\n<h2 class=\"wp-block-heading\"><strong>3. Rekisterin nimi<\/strong><\/h2>\n\n\n\n<p>Helsingin Raamattukoulun henkil\u00f6rekisteri.<br><\/p>\n\n\n\n<h2 class=\"wp-block-heading\"><strong>4. Henkil\u00f6tietojen k\u00e4sittelyn tarkoitus<\/strong><\/h2>\n\n\n\n<p>Henkil\u00f6tietoja k\u00e4ytet\u00e4\u00e4n Helsingin Raamattukoulun Kustannus Oy:n l\u00e4hett\u00e4mien tiedotteiden (lehten\u00e4, s\u00e4hk\u00f6postiviestein\u00e4 tai muina viestein\u00e4) hoitamiseen ja yll\u00e4pit\u00e4miseen, laskutukseen, maksusuoritusten, yhteydenpitoon ja tiedottamiseen. Lis\u00e4ksi tietoja voidaan k\u00e4ytt\u00e4\u00e4 palvelun kehitt\u00e4miseen sek\u00e4 Helsingin Raamattukoulun Kustannus Oy:n toimintaan liittyviin tarkoituksiin henkil\u00f6tietolain mukaisesti.<br><\/p>\n\n\n\n<h2 class=\"wp-block-heading\"><strong>5. Rekisterin tietosis\u00e4lt\u00f6<\/strong><\/h2>\n\n\n\n<p>Rekisteriin tallennettavia tietoja ovat: yhteystiedot (nimi, osoite, puhelinnumero, s\u00e4hk\u00f6postiosoitteet), tilaustiedot, laskutus- ja maksutiedot, markkinointiesto, muut asiakassuhteeseen liittyv\u00e4t infot.<\/p>\n\n\n\n<p>Henkil\u00f6tiedot poistetaan viimeist\u00e4\u00e4n henkil\u00f6n sit\u00e4 niin pyyt\u00e4ess\u00e4 tai saatuamme tiedon henkil\u00f6n kuolemasta. Laskutus- ja maksutiedot s\u00e4ilytet\u00e4\u00e4n talouskirjanpidon edellytt\u00e4m\u00e4n ajan.<br><\/p>\n\n\n\n<h2 class=\"wp-block-heading\"><strong>6. S\u00e4\u00e4nn\u00f6nmukaiset tietol\u00e4hteet<\/strong><\/h2>\n\n\n\n<p>Rekisteriin tallennettavat tiedot saadaan asiakkaalta mm. verkkokauppaan rekister\u00f6itymisen ja ostamisen yhteydess\u00e4, s\u00e4hk\u00f6postitse, puhelimitse, postitse, tapaamisista ja muista tilanteista, joissa henkil\u00f6 luovuttaa tietojaan.&nbsp;<\/p>\n\n\n\n<p>Tietoja p\u00e4ivitet\u00e4\u00e4n henkil\u00f6iden itsens\u00e4 toimittamien tietojen perusteella sek\u00e4 osoite- ja kuolintietojen osalta my\u00f6s Postin tarjoaman palvelun kautta, mik\u00e4li rekister\u00f6ity ei ole kielt\u00e4nyt tietojen luovuttamista. Maksusuoritustiedot p\u00e4ivitet\u00e4\u00e4n pankista saatavien maksutietojen perusteella.<br><\/p>\n\n\n\n<h2 class=\"wp-block-heading\"><strong>7. Tietojen s\u00e4\u00e4nn\u00f6nmukaiset luovutukset ja tietojen siirto EU:n tai ETA:n ulkopuolelle<\/strong><\/h2>\n\n\n\n<p>Rekisterin henkil\u00f6tiedot ovat luottamuksellisia eik\u00e4 niit\u00e4 luovuteta kolmansille osapuolille.<\/p>\n\n\n\n<p>Tietoja ei siirret\u00e4 Euroopan unionin tai Euroopan talousalueen ulkopuolelle, ellei se ole palvelun teknisen toteuttamisen vuoksi tarpeellista. T\u00e4ll\u00f6in rekisterinpit\u00e4j\u00e4 huolehtii riitt\u00e4v\u00e4st\u00e4 tietosuojan tasosta lains\u00e4\u00e4d\u00e4nn\u00f6n edellytt\u00e4m\u00e4ll\u00e4 tavalla.<br><\/p>\n\n\n\n<h2 class=\"wp-block-heading\"><strong>8. Rekisterin suojauksen periaatteet<\/strong><\/h2>\n\n\n\n<p>Rekisterin k\u00e4sittelyss\u00e4 noudatetaan huolellisuutta ja tietoj\u00e4rjestelmien avulla k\u00e4sitelt\u00e4v\u00e4t tiedot suojataan asianmukaisesti (esim. salasanoin) ja tietoturvasta huolehditaan asiaankuuluvasti. Rekisterin k\u00e4ytt\u00e4jill\u00e4 on k\u00e4ytt\u00f6oikeuksin rajattu p\u00e4\u00e4sy ainoastaan heid\u00e4n k\u00e4ytt\u00f6ns\u00e4 kannalta tarpeellisiin tietoihin. Manuaalisesti k\u00e4sitelt\u00e4v\u00e4t, rekister\u00f6ityjen tietoja sis\u00e4lt\u00e4v\u00e4t asiakirjat s\u00e4ilytet\u00e4\u00e4n lukituissa tiloissa ja ainoastaan m\u00e4\u00e4r\u00e4tyill\u00e4 henkil\u00f6ill\u00e4 on oikeus k\u00e4sitell\u00e4 n\u00e4it\u00e4 tietoja.<br><\/p>\n\n\n\n<h2 class=\"wp-block-heading\"><strong>9. Tarkastusoikeus ja oikeus vaatia tiedon korjaamista<\/strong><\/h2>\n\n\n\n<p>Jokaisella rekisteriss\u00e4 olevalla henkil\u00f6ll\u00e4 on oikeus tarkistaa rekisteriin tallennetut tietonsa ja vaatia mahdollisen virheellisen tiedon korjaamista tai puutteellisen tiedon t\u00e4ydent\u00e4mist\u00e4. Mik\u00e4li henkil\u00f6 haluaa tarkistaa h\u00e4nest\u00e4 tallennetut tiedot, pyynt\u00f6 tulee l\u00e4hett\u00e4\u00e4 kirjallisesti ja allekirjoitettuna rekisterinpit\u00e4j\u00e4lle. Rekisterinpit\u00e4j\u00e4 vastaa asiakkaalle EU:n tietosuoja-asetuksessa s\u00e4\u00e4detyss\u00e4 ajassa, p\u00e4\u00e4s\u00e4\u00e4nt\u00f6isesti kuukauden kuluessa.<br><\/p>\n\n\n\n<h2 class=\"wp-block-heading\"><strong>10. Muut henkil\u00f6tietojen k\u00e4sittelyyn liittyv\u00e4t oikeudet<\/strong><\/h2>\n\n\n\n<p>Rekisteriss\u00e4 olevalla henkil\u00f6ll\u00e4 on oikeus tulla unohdetuksi eli oikeus pyyt\u00e4\u00e4 h\u00e4nt\u00e4 koskevien henkil\u00f6tietojen poistamista rekisterist\u00e4. Rekister\u00f6idyn tulee l\u00e4hett\u00e4\u00e4 pyynt\u00f6 kirjallisesti rekisterinpit\u00e4j\u00e4lle. Rekisterinpit\u00e4j\u00e4 vastaa asiakkaalle EU:n tietosuoja-asetuksessa s\u00e4\u00e4detyss\u00e4 ajassa, p\u00e4\u00e4s\u00e4\u00e4nt\u00f6isesti kuukauden kuluessa. Niin ik\u00e4\u00e4n rekister\u00f6idyill\u00e4 on oikeus rajoittaa tietojensa k\u00e4ytt\u00e4mist\u00e4 ja kielt\u00e4\u00e4 niiden k\u00e4ytt\u00f6 suoramarkkinointiin ja markkina- ja mielipidetutkimuksiin.<\/p>\n","protected":false},"excerpt":{"rendered":"<p>T\u00e4m\u00e4 on Helsingin Raamattukoulun Kustannus Oy:n henkil\u00f6tietolain (10 ja 24 \u00a7) ja EU:n yleisen tietosuoja-asetuksen (GDPR) mukainen rekisteri- ja tietosuojaseloste.Laadittu 20.01.2025. 1. Rekisterinpit\u00e4j\u00e4 2. Rekisterist\u00e4 vastaava yhteyshenkil\u00f6 3. Rekisterin nimi Helsingin Raamattukoulun henkil\u00f6rekisteri. 4. Henkil\u00f6tietojen k\u00e4sittelyn tarkoitus Henkil\u00f6tietoja k\u00e4ytet\u00e4\u00e4n Helsingin Raamattukoulun Kustannus Oy:n l\u00e4hett\u00e4mien tiedotteiden (lehten\u00e4, s\u00e4hk\u00f6postiviestein\u00e4 tai muina viestein\u00e4) hoitamiseen ja yll\u00e4pit\u00e4miseen, laskutukseen, maksusuoritusten,&#8230;<\/p>\n","protected":false},"author":1,"featured_media":0,"parent":0,"menu_order":0,"comment_status":"closed","ping_status":"open","template":"","meta":{"_monsterinsights_skip_tracking":false,"_monsterinsights_sitenote_active":false,"_monsterinsights_sitenote_note":"","_monsterinsights_sitenote_category":0,"_kadence_starter_templates_imported_post":false,"_kad_post_transparent":"","_kad_post_title":"","_kad_post_layout":"","_kad_post_sidebar_id":"","_kad_post_content_style":"","_kad_post_vertical_padding":"","_kad_post_feature":"","_kad_post_feature_position":"","_kad_post_header":false,"_kad_post_footer":false,"_kad_post_classname":"","footnotes":""},"class_list":["post-3","page","type-page","status-publish","hentry"],"aioseo_notices":[],"_links":{"self":[{"href":"https:\/\/www.helsinginraamattukoulu.fi\/kauppa\/wp-json\/wp\/v2\/pages\/3","targetHints":{"allow":["GET"]}}],"collection":[{"href":"https:\/\/www.helsinginraamattukoulu.fi\/kauppa\/wp-json\/wp\/v2\/pages"}],"about":[{"href":"https:\/\/www.helsinginraamattukoulu.fi\/kauppa\/wp-json\/wp\/v2\/types\/page"}],"author":[{"embeddable":true,"href":"https:\/\/www.helsinginraamattukoulu.fi\/kauppa\/wp-json\/wp\/v2\/users\/1"}],"replies":[{"embeddable":true,"href":"https:\/\/www.helsinginraamattukoulu.fi\/kauppa\/wp-json\/wp\/v2\/comments?post=3"}],"version-history":[{"count":1,"href":"https:\/\/www.helsinginraamattukoulu.fi\/kauppa\/wp-json\/wp\/v2\/pages\/3\/revisions"}],"predecessor-version":[{"id":858,"href":"https:\/\/www.helsinginraamattukoulu.fi\/kauppa\/wp-json\/wp\/v2\/pages\/3\/revisions\/858"}],"wp:attachment":[{"href":"https:\/\/www.helsinginraamattukoulu.fi\/kauppa\/wp-json\/wp\/v2\/media?parent=3"}],"curies":[{"name":"wp","href":"https:\/\/api.w.org\/{rel}","templated":true}]}}